64. What is the highest common divisor of z and y?
16
Suppose k = 6*k - 100. Calculate the highest common divisor of 8 and k.
4
Let n(m) = m**2 + 2*m - 1. Let h be n(1). Suppose -4*o = y - 22, 2*y + 2*o - 28 = -h*o. Calculate the greatest common divisor of 30 and y.
6
Let x = -54 + 69. Calculate the highest common factor of x and 5.
5
Let y be ((18/4)/(-3))/((-11)/1122). What is the highest common divisor of y and 17?
17
Let w be 10 + -2 + 1 + 2. Suppose -4*t + 4 = -4, -8 = -4*j - 2*t. What is the greatest common divisor of j and w?
1
Let p(m) = -6*m - 2. Let i be p(-3). Suppose -4*r + i + 4 = 0. Calculate the greatest common divisor of r and 55.
5
Let c = -60 - -63. Calculate the highest common factor of c and 75.
3
Let x(g) = -5*g - 29. Let i be x(-15). Calculate the highest common divisor of i and 23.
23
Let i = -12 - -29. Calculate the greatest common factor of i and 85.
17
Let y be 81*(16/(-6) + 2). Let z = 14 - y. Suppose z = 4*r - 5*b + b, 4*r - 5*b = 73. What is the greatest common factor of 120 and r?
12
Suppose 4*o = 3*j + 10 + 38, -2*j + 10 = 2*o. Let y(n) = n**2 + n - 9. Let v be y(9). Calculate the highest common divisor of o and v.
9
Suppose 0 = 5*x - 2*r - 51, 0*x + r = 4*x - 39. Calculate the highest common divisor of x and 72.
9
Let t be (-6)/(-8) + (-130)/(-40). Let l be (-3)/(-2)*(1 - -1). Let i be (23/4 - l)*t. What is the highest common divisor of i and 121?
11
Let a be ((-16)/(-20) + 1)*10. Let d be ((-6)/(-5))/(a/1215). Calculate the greatest common divisor of 9 and d.
9
Let c be (18/12)/((-1)/(-34)). Suppose -5*b = -2*b - c. Let s(p) = 67*p + 1. Let t be s(1). What is the highest common divisor of b and t?
17
Suppose -4*a = 3*n - 6, 3*n = 6*n + 5*a - 6. Let w be ((-411)/6)/((-1)/n). Let h = -25 + w. What is the greatest common divisor of h and 14?
14
Let t(c) = -6*c - 15. Let i be t(-5). What is the highest common factor of i and 120?
15
Let m(b) = 3*b**2 - 9*b - 2. Let q be m(5). Calculate the greatest common divisor of q and 28.
28
Let i = -147 - -392. What is the greatest common factor of 35 and i?
35
Suppose 2*r - 345 = -3*r. Calculate the greatest common divisor of 46 and r.
23
Let m = 18 - 7. Suppose 0 = r - m - 1. What is the highest common divisor of 72 and r?
12
Let d be -6 + (-1 - -6 - 2). Let i = d + 6. What is the highest common divisor of 3 and i?
3
Suppose 0*v + 5*v + 25 = 5*x, -v + 3 = x. Suppose 68 = 4*o + 4*t, 0 = x*o - 3*t + 8*t - 65. Calculate the highest common factor of 180 and o.
20
Let s(i) = 2*i**2 + 4*i + 2. Let y be s(-8). What is the greatest common factor of y and 14?
14
Let u(z) = -z**3 + 4*z**2 - z + 2. Let s be u(4). Let a be (31*-1)/(s/16). Suppose -4*t = -a + 68. What is the highest common divisor of 18 and t?
9
Let p be (1*-2 - -2) + 8. Suppose 0*r + 4*r + 28 = 0. Let y = r + p. What is the greatest common divisor of y and 1?
1
Let y be (-36)/(-7) + (-6)/42. Suppose 4*i - 174 = -5*k + 153, -y*k = 5*i - 330. What is the greatest common divisor of 7 and k?
7
Let m be ((-32)/10)/(2/(-15)). Let j = -58 - -64. What is the highest common factor of m and j?
6
Let o = 26 + -4. What is the highest common factor of 242 and o?
22
Let s be 14 - (0 - 4/1). What is the greatest common divisor of 2 and s?
2
Let y be 24/(-3)*(-4 + 21/6). What is the greatest common factor of 12 and y?
4
Let h = -16 - -28. Let m(f) = f**3 + 6*f**2 - 6*f - 3. Let c be m(-5). Let j = 100 - c. What is the greatest common factor of j and h?
12
Suppose 0 = 4*b - 0*b - 40. Let d be 40 - (1 + (-4)/4). Calculate the highest common divisor of b and d.
10
Let u = 9 - 15. Let w(c) = c**3 + 12*c**2 + 5*c + 1. Let m be w(u). Let r(t) = -2*t**3 - t - 1. Let i be r(-2). What is the greatest common divisor of m and i?
17
Suppose m = -0*m + 4. What is the highest common divisor of 44 and m?
4
Suppose 0 = -q - q + 38. Suppose 2*x = z - 16, -3*z + q = -3*x - 26. Let w(i) = i**3 - 2*i + 3. Let l be w(2). What is the highest common divisor of l and z?
7
Let j = -3 + 9. Let i = 3 + 15. Calculate the greatest common factor of j and i.
6
Let a(u) = -u**2 + 4. Let b be a(-3). Let y = -9 - b. Let n(g) = 3*g**2 - 2*g - 1. Let t be n(y). Calculate the greatest common factor of 5 and t.
5
Let m be -2*2/(-8)*-2. Let o be (-3 - m) + (3 - 0). Calculate the highest common factor of o and 3.
1
Suppose 0 = l - 2*l + 3*o + 25, o - 113 = -4*l. Calculate the greatest common divisor of 42 and l.
14
Let i be (9/6)/((-1)/18). Let k be (-15)/(-2) - i/(-18). Calculate the highest common divisor of k and 9.
3
Let i = 61 - -23. Calculate the highest common factor of i and 36.
12
Let r(o) = -o**2 + o + 33. Let f be r(0). Let j(s) = -5*s - 4. Let b = 1 - 4. Let p be j(b). What is the greatest common divisor of f and p?
11
Suppose -u = 4, -5*w + 3*u + 22 = 5*u. Let r be 988/w - 3/(-9). Suppose 7*v - 2*v = r. What is the highest common factor of 11 and v?
11
Let i(c) = 3*c**2 - 2*c + 5. Let l(d) = 5*d**2 - 5*d + 9. Let f(k) = 7*i(k) - 4*l(k). Let n be f(7). What is the greatest common factor of n and 36?
18
Let x(a) = -15*a - 6. Let t be x(-13). Calculate the greatest common divisor of 27 and t.
27
Suppose x + 2 = -a, 5*x + 13 + 21 = 3*a. Suppose -a*c + 2*c = -39. Let l = -24 - -50. What is the greatest common factor of c and l?
13
Let x = 39 + -25. Calculate the greatest common factor of 7 and x.
7
Suppose -4*z + 9*z = 5. Let f be -4*z/(4/(-22)). Suppose 0 = s + 4 - 6, -f = -2*u + 4*s. What is the highest common factor of 10 and u?
5
Let u(y) = 5*y. Let g(v) = 3*v. Let i(k) = 13*g(k) - 6*u(k). Let s be i(6). Calculate the greatest common divisor of s and 36.
18
Suppose 0*n = 5*n - 10. Suppose -2*b = 0, b - 32 = -u - n*b. Calculate the highest common factor of 4 and u.
4
Let j(d) be the third derivative of d**5/30 + 11*d**4/24 - 5*d**3/6 + 3*d**2. Let i be j(5). Calculate the greatest common factor of 20 and i.
20
Let g be -33*(-16)/(2 - -2). Calculate the highest common divisor of 12 and g.
12
Let l(d) = 2*d**2 + 4*d + 1. Let z be l(-3). Let y = 4 - z. Let p be (27/y)/(9/(-6)). What is the highest common factor of p and 15?
3
Let x(w) = -20*w**3 + 1. Suppose -3 + 4 = -n. Let q be x(n). Calculate the greatest common factor of q and 3.
3
Suppose -71 = -6*y + 25. What is the highest common divisor of 40 and y?
8
Let d = 39 - 7. What is the greatest common divisor of 48 and d?
16
Suppose 2*j - 4 - 2 = 0. What is the greatest common divisor of j and 33?
3
Let j = -142 - -192. Let a(y) = 0*y**2 + y**2 - 3 - y + 1. Let u be a(4). What is the highest common factor of j and u?
10
Suppose y + 27 = 2*s, -s + 4*y + 6 = y. Suppose -c - c = a - 8, 2*c - a = 4. Calculate the greatest common divisor of s and c.
3
Suppose -20 = 4*p, -4 = -4*x + 2*x - 4*p. Let m be ((-355)/(-10))/((-2)/(-4)). Let g = -47 + m. Calculate the greatest common divisor of x and g.
12
Let n = -14 + 20. Let a = n - 6. Suppose -4*q = 5*p - 88, a*p = -5*p. What is the highest common factor of 88 and q?
22
Suppose 17*o - 12*o - 525 = 0. Calculate the greatest common factor of o and 15.
15
Let k be (-5 - 0)*15/25. Let b(s) = -5*s - 2. Let w be b(k). Calculate the greatest common factor of w and 26.
13
Let m be (-3)/(-4 + -2)*6. Suppose m*w + 3 = -q + w, -w = 3*q - 1. Let o be q - (0/1 + -1). What is the greatest common divisor of 6 and o?
2
Let w be 28 - 30/(-11 + 5). Calculate the greatest common factor of w and 6.
3
Let t be (1 - -16)*(-1)/(-1). Suppose 5*r - t = h + h, 5*h - 10 = -5*r. What is the greatest common factor of r and 1?
1
Let g(o) = -4*o + 11. Let h(d) = -d - 1. Let m(n) = g(n) - 3*h(n). Let q be m(-10). Calculate the highest common divisor of 216 and q.
24
Suppose -y + 1 + 1 = 0. What is the highest common factor of y and 14?
2
Suppose 189 + 75 = 4*x. Suppose -x - 74 = -4*u. What is the greatest common divisor of u and 5?
5
Let q be 2/(-10) - 756/(-30). Suppose 4*s - q = 3. What is the highest common divisor of 7 and s?
7
Let f = 4 + -2. Suppose 45*b - 8*b = 74. What is the highest common divisor of b and f?
2
Suppose -4*f = -4*a - 148 - 448, -5*f + 2*a + 730 = 0. Calculate the highest common factor of f and 16.
16
Suppose r = 2*r - 19. Let x = r - 3. Let w(u) = -3*u + 3. Let i be w(-7). Calculate the greatest common factor of x and i.
8
Suppose 11 - 26 = -3*r. Suppose r = -l + 13. What is th